composite number?
False
Let z(o) = 292*o**2 + 12*o - 3. Let i be (-9 - -3) + 5 + (4 - -1). Is z(i) prime?
False
Suppose -3*q = -4*g - 832, q + 2*g - 151 = 133. Let v = -75 - -77. Suppose 4*a = -a + v*w + 277, -5*a + 5*w + q = 0. Is a composite?
True
Suppose -g + 387 = 2*f, -4*g - 5*f = 228 - 1785. Let i = 704 + g. Is i prime?
True
Let q be (-8)/20 - (-6)/(-5)*-2. Suppose q*k = -4*c + 3150, -2*c + c + 4*k + 783 = 0. Is c a prime number?
True
Let s = -18758 + 57506. Suppose x = -8855 + s. Suppose 485 = -2*r - g + 12450, 4*g = 5*r - x. Is r a composite number?
False
Suppose -6*g - 3*g + 98604 = 0. Suppose 43500 + g = -4*o. Let d = o - -19361. Is d prime?
False
Suppose -217*x = -200*x - 612. Suppose -2*j = -2*n - 22272, 35*j - x*j = 4*n - 11146. Is j a prime number?
False
Suppose -538*c + 19026 = -531*c. Let m = 1103 - 2902. Let z = m + c. Is z a composite number?
False
Let b(p) be the third derivative of -87*p**6/10 - p**5/30 - p**4/12 - p**3/6 + 7*p**2. Let u(t) = t**3 + t**2 - 6*t - 1. Let f be u(-3). Is b(f) a prime number?
False
Suppose -5*l = 5*n - n - 32, 3*n - 24 = 4*l. Suppose 5 = -4*x - 5*y, -2*x + 4*y = x - 4. Suppose -2*i - 3*q + n*q + 1009 = x, 4*i = -4*q + 2088. Is i composite?
True
Let p(d) = -10*d - 7. Let k be p(4). Let s = k - -47. Suppose 2*j = -6, 3*o - 4*j + 2 - 188 = s. Is o a composite number?
True
Suppose -10 = -10*z - 0*z. Let y(u) = -3 + 1121*u - 687*u + 1053*u + 383*u. Is y(z) composite?
False
Let m(q) = 15*q**3 + 30*q**2 + 3*q - 317. Is m(20) a composite number?
False
Suppose 14*c = 13 + 15. Suppose 5*f = -2*o + 3415, 2*o = -2*o - c*f + 6870. Suppose -6*u = -14*u + o. Is u a prime number?
False
Let d(l) = 10933*l + 5008. Is d(7) a composite number?
True
Suppose y + 21538 = 5*h, -2*y + 1789 - 23325 = -5*h. Suppose 10*p = -9*p + 42845. Let u = h - p. Is u composite?
False
Suppose p - 122 = 120. Let t = p + 170. Suppose 5*k - 4*k - 5*n - 164 = 0, -3*k = n - t. Is k prime?
True
Is 7*(-10 + (-13941)/(-1)) a prime number?
False
Is (-16 - (-1100)/66)/(((-8)/795642)/(-2)) composite?
False
Let m(f) = -f**2 + 23*f - 127. Let w be m(13). Suppose 12*v - 5 = 13*v, w*v - 7483 = -2*l. Is l prime?
False
Suppose -2*k - 10 = 0, -4*x - x + 5 = k. Suppose x*q + 10 = -0*q. Is (1987/(-4))/((q - -4)/4) composite?
False
Let y(c) = 5*c**2 + 2*c + 21. Suppose 4*d + 3*l = 44 - 115, -3*l = -d - 29. Is y(d) a prime number?
False
Let q(c) = c**3 - 13*c**2 + 8*c - 17. Let k be q(12). Let y = 26 + k. Is (-6)/y + ((-198063)/(-39))/3 composite?
False
Let i = 349 - 1300. Let c(b) = -2*b**2 - 32*b + 80. Let s be c(22). Let o = i - s. Is o a prime number?
True
Let a(s) = 103*s + 6. Suppose 5*r + 3*p - 42 = 0, 2*r - 3*p + p = 4. Let o be 1/(-6)*r*(-1 - 0). Is a(o) prime?
True
Suppose -258*m + 265*m - 5075 = 0. Let i(n) = -3*n**2 - 5*n - 2. Let l be i(5). Let x = m + l. Is x a prime number?
False
Let z be -2*(-2)/(28/21). Suppose -5*m + 9865 = -8*y + z*y, -4*y = 2*m - 3946. Is m a composite number?
False
Let p = 148533 - 57938. Is p prime?
False
Suppose -3*x + 87879 = 3*z, 0 = 4*z - 2*z + 4*x - 58578. Is z prime?
True
Let i(m) = 1256*m**3 + 3*m**2 - 3*m. Let t(p) = -2513*p**3 - 6*p**2 + 5*p + 1. Let l(d) = -5*i(d) - 3*t(d). Is l(1) a prime number?
True
Suppose d = 4*y - 25, -3*y + 4*d = -0*y - 35. Suppose -y*s = -2004 - 3041. Is s composite?
False
Let n(a) = -8 + 6 + 1202*a - 9186*a + 11. Is n(-1) composite?
False
Let u(n) = n**2 - 8*n - 23. Let k(q) be the third derivative of q**5/60 + 3*q**4/4 + 3*q**3 + 18*q**2. Let c be k(-18). Is u(c) a composite number?
False
Let y = 66590 - 29469. Is y a composite number?
True
Is ((4*(-2723651)/(-84))/1)/(3/9) a prime number?
False
Let x = -46286 - -86200. Suppose -12*k + 17194 = -x. Is k a prime number?
True
Let q be (122716/154)/(2/7). Suppose 3*z - 4*z + q = 0. Is z a prime number?
True
Let s(r) = -4*r**2 - 122*r - 63. Is s(-29) a composite number?
True
Is (1 - 0)/(-2) - ((-24834194)/44 + 0) a prime number?
False
Suppose 5*n - 66088 = -z, 41671 + 24420 = 5*n + 2*z. Is n prime?
True
Let u(n) = -451*n**3 - 6*n**2 + 3*n + 8. Let s be u(-3). Let b be 77/4 + 1/(-4). Suppose 8531 = b*v - s. Is v a composite number?
False
Suppose -148*n = -108*n - 38019320. Is n a prime number?
True
Let i = -175498 + 256395. Is i a composite number?
False
Let z(n) = 787*n**2 + 4*n - 11. Let s be z(2). Let r = 6504 - s. Is r a prime number?
True
Let d(q) = -q**3 - 5*q**2 - 4*q - 10. Let l be 62/(-10) + (-10)/(-50). Let u be d(l). Suppose -h + u = h. Is h prime?
False
Let f(g) be the first derivative of 336*g**2 - 325*g + 209. Is f(49) prime?
True
Let q = -36 + 44. Suppose 3*r - 2*s = 1, 5*r = 7*s - 10*s + q. Is 3/(-4 + r)*2 - -675 composite?
False
Let t(b) = 1311*b**2 + 26*b + 9. Let d be t(-8). Let m = -57564 + d. Is m a prime number?
True
Let w = 384 + -390. Is 128/12 + -9 + (-49124)/w a composite number?
True
Let m = -68 - -44. Let a(p) be the first derivative of -p**4/4 - 22*p**3/3 + 10*p**2 - 5*p - 131. Is a(m) a prime number?
False
Let y(g) = -59*g**3 - 5*g**2 - 6*g - 17. Is y(-7) prime?
False
Suppose 59 = -7*v + 17. Let n(r) = -2*r**3 - 14*r**2 - 12*r + 1. Let x be n(v). Is ((-5)/(6 - x))/((-2)/382) prime?
True
Suppose 0 = 3*m + 3*b - 114663, 0 = -36*m + 31*m - 3*b + 191101. Is m a composite number?
False
Let s(i) = 4382*i**2 + 107*i + 1078. Is s(-9) a composite number?
False
Let y(p) = p**2 - 8*p + 12. Let s be y(4). Is 49*6*s/(-24) prime?
False
Let i(g) = -86 + 556*g + 259*g + 3 - 142 + 323*g. Is i(17) a composite number?
False
Let w(y) = y**3 - 6*y**2 + 4*y - 3. Let x be (1/(-1))/((-1)/5). Let t be w(x). Is 2 - ((-18381)/21 - t/28) prime?
True
Let x(s) = s**2 - 47. Let b be x(7). Suppose -4*c = 3*o - 2*o - 6331, 12662 = b*o + c. Is o prime?
False
Let q(m) = -m + 10. Let t be q(9). Let j be (-14)/(-2 + 1 - t). Let k = j + 126. Is k a prime number?
False
Suppose -40*q + 6*q + 6394021 = 13*q. Is q a composite number?
False
Let z(k) = k**2 + 7*k - 51. Let l be z(-12). Suppose l*d - 20747 = 9394. Is d a composite number?
True
Suppose -33132 = -21*b + 15*b. Suppose -2*x = -2*f + b, 4*f + x - 2165 = 8879. Is f composite?
True
Let b(g) = -43012*g - 4809. Is b(-5) a composite number?
True
Let c(p) be the first derivative of -141*p**2 - 29*p - 55. Is c(-13) prime?
True
Suppose 562 = 4*p - 3*r, -5*p + 2*r = -3*r - 705. Let t be (-558)/10 - ((-45)/25 - -2). Let n = t + p. Is n a composite number?
False
Let u(p) be the second derivative of -10*p**3/3 + 11*p**2/2 + p. Let d = 8883 + -8899. Is u(d) composite?
False
Let j(y) = -2*y - 60. Let z be j(-29). Is z + 9 - -656*6 composite?
False
Let u = -193 + 2897. Suppose -10003 = -4*i - 5*a, -216 + u = i - 3*a. Is i prime?
False
Is ((-38604)/20)/(-4*(-6)/(-1880)) composite?
True
Let p be (-168)/(-44) + 4 - 4/(-22). Suppose p*n - n = 105. Is n/(-12)*18/(-15)*34 a composite number?
True
Let q = -65720 + 131171. Is q a composite number?
True
Let h(f) = -2575*f - 11. Let s be h(-5). Suppose 0 = 3*b - s - 558. Is b composite?
True
Suppose -f + y + 22 = 0, 7*y - 3*y = 5*f - 109. Is 4976 + f*5/(-15) composite?
False
Suppose 6*r - 16 - 32 = 0. Is r/(-20)*94465/(-14) a prime number?
True
Suppose -1251112 = -27*b + 12*b - 253657. Is b composite?
True
Let m = 10736 + 122045. Is m prime?
False
Let v = 1113 - 1663. Let y = v + 1543. Is y a prime number?
False
Is 6/(-9)*(0/(-1) + 827916/(-8)) prime?
True
Suppose -3*h + 3*k = -5580, -4*h + k + 1284 = -6144. Let m = h - -261. Is m a prime number?
False
Let q = 35472 + 167645. Is q prime?
True
Let c(t) = -23*t**2 - 36*t - 60. Let y(i) = -24*i**2 - 39*i - 59. Let k(m) = -6*c(m) + 5*y(m). Is k(-6) composite?
False
Is 4728 + 16 - (-6)/(4/8*4) a prime number?
False
Let y = 921 - -91057. Is y prime?
False
Let h be 3/(5 - 6) - -6. Suppose h*u + 28 = -m + 5, 2*u = -m - 14. Is (-3)/u + 4218/9 composite?
True
Let q(l) = -4*l + 12. Let z be q(2). Suppose 15683 = 3*c - 5*f, -4*c - 2*f = -17745 - 3157. Suppose 0 = -5*w - z*k + c, -3*k + 6*k + 2095 = 2*w. Is w prime?
False
Let u = 10906 - 7245. Let n = -2451 + u. Suppose -5*w - 195 = -n. Is w composite?
True
Suppose -2667597 - 961155 - 4990736 = -32*z. Is z composite?
True
Let c(f) = -153*f**3 - 2*f**2 + 9*f - 6. Let w be c(2). Let m = w + 2335. Is m a prime number?
False
Suppose 3*x - 1263131 - 928600 = -2*a, -x + 730619 =